{"id":708,"date":"2020-06-02T15:50:26","date_gmt":"2020-06-02T13:50:26","guid":{"rendered":"https:\/\/siccum.at\/?page_id=708"},"modified":"2023-01-27T10:33:50","modified_gmt":"2023-01-27T09:33:50","slug":"impressum","status":"publish","type":"page","link":"https:\/\/siccum.at\/index.php\/impressum\/","title":{"rendered":"Impressum"},"content":{"rendered":"<p>[vc_row nav_skin=&#8220;light&#8220; consent_include=&#8220;include&#8220; el_design=&#8220;{&#8222;desktop&#8222;:{&#8222;margin-top&#8222;:&#8222;50&#8222;}}&#8220;][vc_column css_animation=&#8220;&#8220;][vc_column_text]<\/p>\r\n<h1 class=\"wp-block-heading\">Impressum<\/h1>\r\n\r\n<p><strong>SSB Technisches B\u00fcro GmbH<\/strong><br \/>Liechtensteinstrasse 130\/4<br \/>1090 Wien<\/p>\r\n\r\n<p>Tel: +43 (1) 952 18 78<br \/>Fax: +43 (1) 952 18 78 99<\/p>\r\n\r\n<p>E-Mail: office(@)siccum(punkt)at<\/p>\r\n\r\n<p><strong>Registergericht:<\/strong><br \/>Handelsgericht Wien<br \/>Magistratisches Bezirksamt des IX. Bezirkes<\/p>\r\n\r\n<p><strong>Firmenbuchnummer:<\/strong><br \/>FN 393088X<\/p>\r\n\r\n<p><strong>Unternehmensgegenstand:<\/strong><br \/>Ingenieurb\u00fcro<\/p>\r\n<p>\u00a0<\/p>\r\n\r\n<h2 class=\"wp-block-heading\">Haftung f\u00fcr Inhalte dieser Webseite<\/h2>\r\n\r\n<p>Wir entwickeln die Inhalte dieser Webseite st\u00e4ndig weiter und bem\u00fchen uns korrekte und aktuelle Informationen bereitzustellen. Leider k\u00f6nnen wir keine Haftung f\u00fcr die Korrektheit aller Inhalte auf dieser Webseite \u00fcbernehmen, speziell f\u00fcr jene die seitens Dritter bereitgestellt wird. Sollten Ihnen problematische oder rechtswidrige Inhalte auffallen, bitte wir Sie uns umgehend zu kontaktieren, Sie finden die Kontaktdaten im Impressum.<\/p>\r\n<p>\u00a0<\/p>\r\n\r\n<h2 class=\"wp-block-heading\">Haftung f\u00fcr Links auf dieser Webseite<\/h2>\r\n\r\n<p>Unsere Webseite enth\u00e4lt Links zu anderen Webseiten f\u00fcr deren Inhalt wir nicht verantwortlich sind. Wenn Ihnen rechtswidrige Links auf unserer Webseite auffallen, bitte wir Sie uns zu kontakieren, Sie finden die Kontaktdaten im Impressum.<\/p>\r\n<p>\u00a0<\/p>\r\n\r\n<h2 class=\"wp-block-heading\">Urheberrechtshinweis<\/h2>\r\n\r\n<p>Alle Inhalte dieser Webseite (Bilder, Fotos, Texte, Videos) unterliegen dem Urheberrecht. Falls notwendig, werden wir die unerlaubte Nutzung von Teilen der Inhalte unserer Seite rechtlich verfolgen.<\/p>\r\n\r\n<p>Sollten Sie auf dieser Webseite Inhalte finden, die das Urheberrecht verletzen, bitten wir Sie uns zu kontaktieren.<\/p>\r\n<p>\u00a0<\/p>\r\n\r\n<h2 class=\"wp-block-heading\">Bildernachweis<\/h2>\r\n\r\n<p>Die Bilder, Fotos und Grafiken auf dieser Webseite sind teilweise urheberrechtlich gesch\u00fctzt.<\/p>\r\n<p>\u00a0<\/p>\r\n\r\n<figure class=\"wp-block-embed\">\r\n<div class=\"wp-block-embed__wrapper\">https:\/\/www.pexels.com\/https:\/\/unsplash.com\/<\/div>\r\n<\/figure>\r\n\r\n<p>&nbsp;<\/p>\r\n<p>[\/vc_column_text][\/vc_column][\/vc_row]<\/p>","protected":false},"excerpt":{"rendered":"<p>[vc_row nav_skin=&#8220;light&#8220; consent_include=&#8220;include&#8220; el_design=&#8220;{&#8222;desktop&#8222;:{&#8222;margin-top&#8222;:&#8222;50&#8222;}}&#8220;][vc_column css_animation=&#8220;&#8220;][vc_column_text] Impressum SSB Technisches B\u00fcro GmbHLiechtensteinstrasse 130\/41090 Wien Tel: +43 (1) 952 18 78Fax: +43 (1) 952 18 78 99 E-Mail: office(@)siccum(punkt)at Registergericht:Handelsgericht WienMagistratisches Bezirksamt des IX. Bezirkes Firmenbuchnummer:FN 393088X Unternehmensgegenstand:Ingenieurb\u00fcro \u00a0 Haftung f\u00fcr Inhalte dieser Webseite Wir entwickeln die Inhalte dieser Webseite st\u00e4ndig weiter und bem\u00fchen uns korrekte und aktuelle Informationen bereitzustellen. Leider k\u00f6nnen wir keine Haftung f\u00fcr die Korrektheit aller Inhalte auf dieser Webseite \u00fcbernehmen, speziell f\u00fcr jene die [&hellip;]<\/p>\n","protected":false},"author":1,"featured_media":0,"parent":0,"menu_order":0,"comment_status":"closed","ping_status":"closed","template":"","meta":{"footnotes":""},"class_list":["post-708","page","type-page","status-publish","hentry"],"_links":{"self":[{"href":"https:\/\/siccum.at\/index.php\/wp-json\/wp\/v2\/pages\/708","targetHints":{"allow":["GET"]}}],"collection":[{"href":"https:\/\/siccum.at\/index.php\/wp-json\/wp\/v2\/pages"}],"about":[{"href":"https:\/\/siccum.at\/index.php\/wp-json\/wp\/v2\/types\/page"}],"author":[{"embeddable":true,"href":"https:\/\/siccum.at\/index.php\/wp-json\/wp\/v2\/users\/1"}],"replies":[{"embeddable":true,"href":"https:\/\/siccum.at\/index.php\/wp-json\/wp\/v2\/comments?post=708"}],"version-history":[{"count":4,"href":"https:\/\/siccum.at\/index.php\/wp-json\/wp\/v2\/pages\/708\/revisions"}],"predecessor-version":[{"id":756,"href":"https:\/\/siccum.at\/index.php\/wp-json\/wp\/v2\/pages\/708\/revisions\/756"}],"wp:attachment":[{"href":"https:\/\/siccum.at\/index.php\/wp-json\/wp\/v2\/media?parent=708"}],"curies":[{"name":"wp","href":"https:\/\/api.w.org\/{rel}","templated":true}]}}